c be (1/2)/((-2)/(-40)). Calculate the greatest common divisor of 4 and c.
2
Suppose i + h - 16 = 2*h, -2*i + 26 = -4*h. Calculate the highest common factor of 209 and i.
19
Let m(o) = o**3 + 13*o**2 + 12*o + 4. Let k be m(-8). Suppose 3*l = -l + k. Calculate the greatest common divisor of l and 38.
19
Let h = 31 - 30. What is the greatest common factor of h and 8?
1
Let c = 13 + -7. Let h be ((-4)/c)/((-2)/108). Let z(p) = -2*p - 3. Let r be z(-6). Calculate the greatest common factor of r and h.
9
Suppose c - 2*c - 4 = -k, 22 = 5*k - 3*c. Suppose -l - 60 = -4*l. What is the greatest common divisor of l and k?
5
Let t(d) = 4*d**2 - 7*d + 7 - d**2 - d**2 - 2. Let z be t(-7). Suppose 0 = -p - 3*n + 21 + 5, -5*p - 4*n = -z. What is the greatest common factor of p and 8?
8
Suppose 4*c - 13 = c - 2*k, 0 = -c + 4*k + 9. Suppose -c*z + 21 = -2*z. Calculate the highest common factor of 77 and z.
7
Let w be (-7026)/(-27) + 4/(-18). Calculate the highest common divisor of w and 20.
20
Let l(y) = 3*y**2 - 4*y + 4. Let d(n) = -7*n**2 + 8*n - 9. Let m(w) = -4*d(w) - 9*l(w). Let v be m(-6). What is the greatest common divisor of v and 36?
12
Let o = 103 - -22. What is the highest common factor of o and 50?
25
Let o(j) = -8*j - 2. Suppose 4*i = -s - 1, 0*s = -2*i - s + 1. Let p be o(i). Calculate the greatest common divisor of 9 and p.
3
Suppose -2*i = -a - 21, 3*i + 5*a + 0*a = 38. Let k = -6 + i. Suppose 0 = -k*x + 266 + 189. Calculate the highest common divisor of 13 and x.
13
Let w(g) = -g**3 + 8*g**2 - 6*g + 6. Let d(r) = r + 1. Let p be d(5). Let o be 80/14 + p/21. Let l be w(o). What is the greatest common divisor of 28 and l?
14
Suppose 0 = g + g - 6. Suppose y - 217 = 5*a + 2*y, 2*a - 3*y + 80 = 0. Let m = -19 - a. What is the highest common factor of m and g?
3
Let b = 12 + -62. Let n be ((-4)/(-10))/(2/b). Let w(k) = -5*k - 14. Let g be w(n). What is the highest common factor of 9 and g?
9
Let q = 59 + -57. Suppose 2*y = -y + 6, 28 = 4*b - 2*y. What is the highest common factor of b and q?
2
Let r = 10 + -16. Let p(o) = o**3 + 7*o**2 + 3*o. Let s be p(r). Calculate the highest common divisor of 2 and s.
2
Suppose -2*w + 2*f = -4*w, 12 = 3*w - 3*f. Suppose m + w*m - 144 = 0. What is the greatest common divisor of 6 and m?
6
Suppose -5*s - o = -134, 2*s - 5*o + 2*o - 57 = 0. Let w = 41 - s. Calculate the highest common factor of w and 98.
14
Suppose 5*o - 2*f - 9 = 17, -4*f = 2*o - 20. Suppose -x - 1 + o = 0. Let k = x + 6. Calculate the highest common factor of k and 11.
11
Let a be (-110)/(0 - -2)*-1. Suppose 2*w + y + 58 = 4*y, -4*y = -3*w - 85. Let t = w + a. Calculate the greatest common divisor of t and 4.
4
Suppose -15 = 3*z, 0*p = -p + 3*z + 18. Suppose 2*a - 489 = -p*a + 3*b, -b = 4*a - 381. Calculate the highest common factor of 12 and a.
12
Suppose -2*q + q + 2 = 0. Suppose n + 4*n + 5*y = -15, 24 = 2*n - 4*y. Let c be (-3)/n*2 - -6. Calculate the highest common divisor of q and c.
1
Let s(l) = -15*l - 3. Let h be s(-2). Let p = h + -3. Let y(i) = i**2 - 7*i + 6. Let z be y(10). What is the highest common factor of z and p?
12
Let o(v) = 168*v + 3. Let i be o(3). Suppose -4*p - 67 = -i. Let x = -15 + 25. Calculate the greatest common factor of x and p.
10
Let h be 2 + (-52)/(-5) - 12/30. What is the greatest common divisor of 48 and h?
12
Suppose -5*r + 5 = -50. What is the highest common factor of r and 121?
11
Suppose 0 = 2*w + 5*k - 75, 4*w = 2*w - 3*k + 81. Suppose 3*s - 7*s - 5*i + 25 = 0, 4 = 4*i. What is the highest common divisor of s and w?
5
Let l be (-1169)/(-56) - (-2)/16. What is the greatest common divisor of 42 and l?
21
Suppose -x + 2*o + 21 = 4*o, -2*x = -2*o - 66. What is the greatest common divisor of x and 174?
29
Let u = 88 - 49. Let j be 3*((-416)/(-12))/8. Calculate the greatest common factor of j and u.
13
Let a(y) = -16*y - 4. Let n be (9 + -6)*(-4)/3. Let j be a(n). Let v = 46 + -22. What is the highest common divisor of j and v?
12
Let p(s) = -17*s + 21. Let n(o) = 4*o - 5. Let k(x) = 18*n(x) + 4*p(x). Let h be k(6). Calculate the greatest common factor of 36 and h.
18
Let x(k) = 3*k + 2. Suppose 7*n - 5 = 6*n. Let i be x(n). What is the highest common divisor of i and 68?
17
Let o be 2 - (-5)/((-5)/(-4)). What is the greatest common factor of o and 15?
3
Let z be (9/(-6))/((-9)/(-48)). Let d be (z - -4) + 84/2. What is the highest common divisor of d and 95?
19
Let b = 57 - 32. What is the greatest common divisor of 10 and b?
5
Let b be 33 + 5/((-15)/3)*2. What is the greatest common divisor of 124 and b?
31
Let v(c) = 2*c + 5. Let f be v(9). Calculate the greatest common factor of f and 23.
23
Suppose 18 - 4 = 2*a. What is the greatest common factor of a and 56?
7
Suppose 3*d + 23 = -2*i, 0*d - d - 5 = -2*i. Let q = 7 - d. Suppose -2*a - 4*h = -q, -a = -0*a - 3*h - 12. Calculate the highest common divisor of 3 and a.
3
Let h be 2/9 - (-102)/27. Suppose 2*u = -h*f - 2 + 44, -2*u + 37 = -f. Suppose -89 = -3*n + u. What is the highest common factor of 9 and n?
9
Let q = 14 + -24. Let d(k) = k**3 - 10*k**2 + 9*k + 10. Let c be d(9). Let u be (5/c)/((-1)/q). What is the greatest common factor of 40 and u?
5
Suppose 8*j - 2*m + 105 = 3*j, 0 = 4*j - 4*m + 72. Let l = 27 - j. Let r be 0 + 20*1/1. Calculate the greatest common factor of l and r.
10
Suppose 5*t - 2 = 123. Let v(b) = b**2 - 6*b - 6. Let f be v(8). Calculate the greatest common factor of t and f.
5
Suppose 5*n - 4*x - 200 = 0, -2*n = -3*x + 2*x - 77. Suppose 2*l - 90 = -3*l. What is the highest common divisor of l and n?
18
Suppose 3*s - r - 8 = 45, 2*s + 5*r - 41 = 0. What is the highest common divisor of 2 and s?
2
Let u(o) = -o**3 + 6*o**2 - o - 2. Let s be u(5). What is the greatest common divisor of 45 and s?
9
Suppose 3*n + 2*n + 10 = 0. Let p be (231/(-6))/(n/4). Calculate the highest common divisor of p and 7.
7
Let w be 9/(-5 + -22) + (-110)/(-6). Suppose 2 + 2 = 2*x. Suppose 4*y = x*y + 36. Calculate the highest common divisor of y and w.
18
Let d = -107 - -107. Let t = 46 + -26. Let q be 2*-1 + (t - d). Calculate the highest common divisor of q and 6.
6
Let u be (-3)/(-2) + 1/2. Let c be 0/(-2)*(0 + 1). Suppose u*p - 4*p = 4, 5*k - 5*p - 40 = c. Calculate the greatest common factor of 60 and k.
6
Suppose -80 = -4*q + 2*q - u, 4*u = -3*q + 120. Calculate the greatest common divisor of 30 and q.
10
Suppose -b + 9 + 17 = 0. Let h = 14 + -11. Suppose 23 = h*w + 2*o, 3*w - o - b - 3 = 0. Calculate the greatest common divisor of w and 36.
9
Let b(d) = 3*d**2 - 3*d - 1. Let q be b(4). Suppose -5*w - 2*t = -7 - 28, 40 = 5*w + 3*t. What is the greatest common factor of w and q?
5
Let f(r) = -r**3 + 8*r**2 + r - 2. Let v be f(8). Calculate the greatest common divisor of 42 and v.
6
Let f(w) be the third derivative of -w**5/60 + 7*w**4/24 + 7*w**3/6 - 5*w**2. Let k be f(7). What is the highest common divisor of k and 7?
7
Let v be (2/2)/((-1)/(-15)). Let q(k) = -k - 4. Let y be q(-6). Suppose l - t = 2 + y, l = -2*t + 7. Calculate the highest common divisor of v and l.
5
Let y be 82/4 - (-6)/(-12). What is the greatest common factor of 10 and y?
10
Suppose 2*r + 23 + 13 = 0. Let j be (44/(-3))/(4/r). Suppose 11*c - 19 = 47. Calculate the highest common divisor of c and j.
6
Suppose 2*n + 3 = n. Let r be 2*(n - (-7)/1). Calculate the greatest common divisor of 88 and r.
8
Suppose -3*g + 162 = 2*m, g - m - 4*m = 71. Calculate the highest common factor of g and 42.
14
Let j(o) = 7*o**2 + 2. Let z be j(2). Let d(k) = -2*k + 1 - 5 + 2. Let u be d(-4). Calculate the greatest common divisor of u and z.
6
Let u(t) = t**3 - 6*t**2 + 6*t + 5. Let o be u(5). Let q(d) = d**3 + 4*d**2 - 2*d + 2. Let i be q(-4). What is the greatest common divisor of i and o?
10
Suppose -5*a + 16 = -4*i, 3*a - 2*i - 7 = 3*i. Calculate the highest common divisor of a and 24.
4
Suppose j = 2*u - 12, -2*j + 0*u - 24 = -u. Let k be (j/(-10))/((-2)/(-5)). Let g be (-1 - (-37)/k)*3. What is the greatest common factor of 85 and g?
17
Let p be (104/2)/(((-2)/(-1))/1). Let k = 92 + -66. Calculate the highest common factor of p and k.
26
Let m be -14*(-5)/((-20)/(-22)). Calculate the highest common divisor of 11 and m.
11
Let v be -3 - 1*(-2 + 0). Let g = v - -12. What is the highest commo